e?
False
Is 155161 a prime number?
True
Is 2717821 composite?
False
Is 4395739 composite?
False
Is 379826 prime?
False
Is 300038539 composite?
True
Is 279108017 prime?
False
Is 320713431 a composite number?
True
Is 208840413 a prime number?
False
Is 516407 a composite number?
False
Is 3138491 a composite number?
False
Is 1974701 composite?
False
Is 4458679 a composite number?
True
Is 4893631 a composite number?
False
Is 52093949 a composite number?
False
Is 264871 a composite number?
False
Is 2054915 a composite number?
True
Is 450707 a prime number?
True
Is 3623799 a composite number?
True
Is 91010431 a prime number?
True
Is 30383417 a prime number?
False
Is 131333131 a prime number?
True
Is 11553241 prime?
False
Is 69284551 a prime number?
False
Is 34530289 a composite number?
True
Is 54834757 a composite number?
True
Is 18477607 prime?
True
Is 2049787 prime?
True
Is 55670707 a composite number?
False
Is 25704557 composite?
False
Is 159499619 composite?
True
Is 41918987 a composite number?
True
Is 119179471 prime?
True
Is 261513467 prime?
True
Is 111919309 a composite number?
False
Is 74551 prime?
True
Is 3306269 composite?
False
Is 7666849 a prime number?
True
Is 88744633 a composite number?
False
Is 56882341 a prime number?
False
Is 127588123 prime?
False
Is 790567 a composite number?
False
Is 5281321 prime?
False
Is 5609651 a prime number?
False
Is 8661203 a composite number?
False
Is 397151 a prime number?
True
Is 4320913 composite?
True
Is 13746949 a composite number?
True
Is 910361 prime?
True
Is 23721017 a prime number?
True
Is 93604193 a prime number?
False
Is 208841 a composite number?
True
Is 7710977 prime?
True
Is 14437439 a composite number?
False
Is 78299707 a prime number?
False
Is 130466423 a composite number?
True
Is 8230309 a prime number?
True
Is 112335019 composite?
True
Is 44979223 prime?
True
Is 114858467 a prime number?
True
Is 43481 a composite number?
False
Is 348504929 composite?
True
Is 134429203 composite?
False
Is 15879757 prime?
True
Is 87083 composite?
False
Is 1337221 composite?
True
Is 4612199 a composite number?
False
Is 6511539 prime?
False
Is 88721 composite?
False
Is 6285623 a composite number?
True
Is 1162289 composite?
True
Is 68642305 a prime number?
False
Is 7608761 a prime number?
True
Is 795999587 a prime number?
True
Is 23493817 prime?
True
Is 123581 a composite number?
False
Is 836090803 prime?
True
Is 53008589 a composite number?
False
Is 15663007 a prime number?
True
Is 9740089 a composite number?
False
Is 11044297 a composite number?
True
Is 28399417 composite?
True
Is 269987 composite?
False
Is 14041259 a composite number?
True
Is 93732055 composite?
True
Is 132140809 a composite number?
True
Is 138566357 prime?
False
Is 20885069 a composite number?
False
Is 76763711 composite?
True
Is 79970819 a prime number?
True
Is 360975349 a composite number?
True
Is 1353889 a composite number?
True
Is 9841583 prime?
False
Is 25445191 composite?
False
Is 1273223 prime?
False
Is 42870547 composite?
False
Is 7496689 a composite number?
True
Is 7380829 prime?
False
Is 10347 a prime number?
False
Is 29418617 a prime number?
True
Is 63489989 a prime number?
True
Is 13309321 a composite number?
True
Is 1309283 composite?
False
Is 1186717 prime?
False
Is 20095997 a prime number?
False
Is 93570661 prime?
False
Is 186869 a prime number?
True
Is 13523513 a composite number?
False
Is 797605 prime?
False
Is 89572985 a composite number?
True
Is 7813721 a composite number?
True
Is 97509793 composite?
False
Is 199884691 a prime number?
False
Is 468353 composite?
False
Is 214761973 composite?
False
Is 24406219 a prime number?
True
Is 153589 composite?
False
Is 1527967097 a prime number?
True
Is 216663199 a composite number?
False
Is 27641309 prime?
True
Is 4454791 a composite number?
True
Is 18390851 prime?
True
Is 257559389 a prime number?
False
Is 12825955 a prime number?
False
Is 86290021 a prime number?
False
Is 4647157 prime?
True
Is 388217 a composite number?
True
Is 28524095 composite?
True
Is 6640037 composite?
True
Is 2656009 composite?
False
Is 26090201 a composite number?
False
Is 343237 a prime number?
True
Is 12166789 prime?
False
Is 843539 prime?
True
Is 34116133 a composite number?
False
Is 5037518 a prime number?
False
Is 72164597 composite?
False
Is 35612545 a composite number?
True
Is 210648083 composite?
True
Is 75505783 composite?
False
Is 6619369 composite?
False
Is 6733631 a composite number?
True
Is 2246597 a composite number?
True
Is 450351581 composite?
False
Is 1713827 a prime number?
False
Is 14510531 a composite number?
True
Is 26469137 a prime number?
True
Is 31170089 composite?
True
Is 924269 a prime number?
True
Is 829813069 composite?
True
Is 2612083 prime?
True
Is 3183883 composite?
False
Is 18101077 a composite number?
False
Is 207619 a composite number?
False
Is 171691427 prime?
False
Is 3426391 a prime number?
True
Is 689921579 a prime number?
False
Is 12774299 a prime number?
True
Is 7119971 a prime number?
False
Is 95131417 a prime number?
True
Is 73900291 composite?
True
Is 21900997 prime?
True
Is 3705287 prime?
True
Is 57244879 a prime number?
False
Is 37890757 composite?
False
Is 9029849 a prime number?
True
Is 523041 prime?
False
Is 2029603 a composite number?
True
Is 30956437 a prime number?
True
Is 978907 composite?
False
Is 1353581 composite?
False
Is 704517665 prime?
False
Is 2812541 a prime number?
True
Is 1095401 a composite number?
False
Is 299399591 a prime number?
True
Is 111110267 composite?
False
Is 53987363 prime?
True
Is 13610123 prime?
True
Is 1127101 a composite number?
False
Is 1431383 a prime number?
False
Is 83622739 composite?
True
Is 68793919 a prime number?
False
Is 3342197 prime?
False
Is 23184649 a prime number?
False
Is 14608241 a composite number?
False
Is 9873287 prime?
False
Is 4382033 a composite number?
True
Is 336181 prime?
True
Is 323125841 a prime number?
False
Is 26283299 a composite number?
True
Is 1383169 a composite number?
False
Is 14882983 a composite number?
True
Is 15092839 a prime number?
False
Is 878212297 prime?
True
Is 98932507 a composite number?
False
Is 8140997 composite?
True
Is 5781239 a composite number?
False
Is 31382345 a prime number?
False
Is 5788117 composite?
False
Is 50350823 a prime number?
False
Is 2096089 a composite number?
False
Is 867653 prime?
True
Is 15372217 a prime number?
False
Is 14797127 a prime number?
True
Is 3443523 composite?
True
Is 198893371 a composite number?
True
Is 472302917 prime?
True
Is 45007901 a prime number?
True
Is 12612581 prime?
False
Is 241196009 prime?
False
Is 1841579 a composite number?
False
Is 72160747 composite?
False
Is 363985 a prime number?
False
Is 412891 composite?
False
Is 701618 a prime number?
False
Is 7361543 composite?
True
Is 22557287 prime?
True
Is 8174741 prime?
True
Is 3445714 a prime number?
False
Is 37446551 prime?
True
Is 33555373 composite?
False
Is 336455597 a composite number?
False
Is 12821449 composite?
False
Is 7964843 a prime number?
False
Is 1431367 a composite number?
True
Is 387111 prime?
False
Is 814859 composite?
False
Is 14145601 a prime number?
True
Is 30616126 a prime number?
False
Is 19028237 a composite number?
True
Is 4559029 prime?
False
Is 589109 a prime number?
True
Is 1465687 composite?
True
Is 2232791 prime?
False
Is 5713369 a composite number?
False
Is 22930097 a prime number?
False
Is 38339173 a composite number?
False
Is 3119009 composite?
False
Is 1213447 a composite number?
True
Is 9423179 a prime number?
True
Is 218069 composite?
False
Is 17739191 composite?
False
Is 52677673 a prime number?
True
Is 4688641 prime?
True
Is 339275927 a prime number?
True
Is 181101757 a composite number?
True
Is 325729 a prime number?
True
Is 132493807 composite?
False
Is 4624313 prime?
True
Is 1082782 a composite number?
True
Is 455089 a prime number?
False
Is 806257 a prime number?
True
Is 138225649 a prime number?
True
Is 56379997 a prime number?
True
Is 43338769 a prime number?
True
Is 23321939 a composite number?
False
Is 14826293 prime?
False
Is 4797091 composite?
True
Is 15694421 composite?
False
Is 1924873 composite?
True
Is 4294769 a prime number?
True
Is 27310091 a prime number?
True
Is 106294609 a prime number?
True
Is 7877287 prime?
False
Is 44